 2 = 4*j - 3*x, 3*j - 2*x + 35 = 0. Let f be h(j). Let l(p) = p**3 - 5*p**2 - 3*p - 4. Is l(f) a multiple of 5?
False
Let v(x) = -2*x + 15. Let s be v(-15). Let m(f) = f**3 + 7*f**2 + 5*f - 3. Let k be m(-6). Suppose -k*w - 9 = -s. Is 12 a factor of w?
True
Let k be -15 + 1 + (9 - 11). Let p = k - -73. Let f = p + -33. Is 8 a factor of f?
True
Suppose 38 = 3*d - d. Suppose 5*o - d = -4. Suppose -3*x + f = -85, -o*x + 2*f + 75 = -f. Does 10 divide x?
True
Let z be -4 + (-4)/(-2 - 2). Let t = 5 + z. Suppose 3*m - t*m = -4, j - 51 = -4*m. Is j a multiple of 18?
False
Let x be (-20)/30 + 4/6. Is (-5 + 3)*(-24 + -1 + x) a multiple of 7?
False
Suppose 39*n - 37*n - 240 = 0. Is n a multiple of 7?
False
Let f be (0 + 1)*(2 + 9). Let x = f - 6. Suppose -7*a = -x*a - 60. Does 12 divide a?
False
Let p = -18 - -17. Is 3/(p*15/(-400)) a multiple of 16?
True
Suppose 2*h - 490 = -50. Does 12 divide 4/(3 + h/(-76))?
False
Let h(p) be the second derivative of 39*p**3/2 + 3*p**2/2 + 8*p. Does 44 divide h(1)?
False
Let m(o) = -o**2 - 5*o + 4. Let p be m(-5). Let n = p - -34. Is n a multiple of 19?
True
Is (49 + -52)/((-9)/5358) a multiple of 8?
False
Let z(a) = 2*a**3 + 7*a**2 + 5*a - 34. Does 38 divide z(6)?
False
Let v(q) = 30*q + 15. Is 15 a factor of v(15)?
True
Does 13 divide (206 - 2) + 8/40*-5?
False
Let u be (1 - (0 - 22))*-5. Let r = u - -180. Does 14 divide r?
False
Is (-10)/8 + 1702140/880 a multiple of 22?
False
Let t be (-3 - (-2 - 0))*1. Let o(j) = -27*j**3 - 2*j**2 - j. Let r be o(t). Is r*-2*7/(-4) a multiple of 16?
False
Let z be ((-210)/(-21))/((-2)/4). Does 8 divide (644/70)/(2*(-2)/z)?
False
Does 2 divide (10 - (-69)/(-15))/(1/35)?
False
Suppose 6 = -4*z + 6*z. Suppose 0 = 2*x - 2*f - 15 - z, 5*f + 40 = 4*x. Suppose -4*t + 93 = 5*d, x*t + 3*d = 47 + 79. Is 12 a factor of t?
False
Suppose -v = -2*g - 15 + 42, -4*v = -4*g + 64. Let j be (g - 2) + (-4)/4. Let p(a) = a**3 - 6*a**2 - 8*a + 8. Is 18 a factor of p(j)?
True
Let l(i) = -i**3 - i**2 + 7*i. Let t be l(5). Let m = 37 - t. Does 25 divide m?
False
Let g be (0/2)/(-2) + 7. Let s be ((-65)/10 - -5)/(1/(-2)). Suppose -s*x - g = -43. Is x a multiple of 12?
True
Let k(m) = 14*m**2 - 49*m + 22. Is 8 a factor of k(8)?
False
Let j = -3623 + 1771. Let f be -4 + 5/((-20)/j). Suppose -2*s - 3*s - 3*k + f = 0, 348 = 4*s - 4*k. Does 20 divide s?
False
Let v be 0*(2 + 10/(-4)). Let y(k) = k**2 + 2*k + 89. Let g be y(v). Let c = g - 46. Is 8 a factor of c?
False
Let c(h) = -4*h**2 + 86. Let s be (-95)/(-76) + 10/(-8). Is 13 a factor of c(s)?
False
Let c = -25 + 27. Suppose 8*p = c*p - 30. Does 3 divide (6/p)/((-6)/50)?
False
Let k be (-168)/27 - 4/(-18). Let y(f) = -5 + 5*f**2 + 15*f - 14*f + 2*f**3 - f**3 + 2*f**2. Is y(k) a multiple of 12?
False
Let h(d) = -2*d + 11 + 6*d + 4*d + 16*d. Is h(4) a multiple of 11?
False
Suppose 9*t = 4*t + 3485. Is 90 a factor of t?
False
Let d(v) = -17*v + 5. Let i(u) = 3*u + 17. Let q be i(-10). Let s be d(q). Suppose 4*c - s = -38. Does 6 divide c?
False
Let g be 314/10 + 12/(-30). Suppose -h + g = 3*r + r, -3*r + 27 = 2*h. Is 4 a factor of r?
False
Let o(c) = 24*c - 48. Let p be o(14). Suppose -5*d = 4*u - u - 744, 2*d - p = 2*u. Is d a multiple of 32?
False
Suppose 35 = -5*d + 4*v + v, -5*d + 5 = 5*v. Let k be (-54)/d*(-18)/(-4). Suppose 3*p = q - 57, k = 2*q + 4*p + p. Does 12 divide q?
True
Let v(o) = -o**3 + 3*o**2 + 6*o + 5. Let a = -48 - -44. Does 23 divide v(a)?
False
Suppose -2*d + 4*d = 0. Suppose -6*b + b + 95 = d. Let q = b + 16. Is 15 a factor of q?
False
Suppose 2*a = -3*f + 4*f + 13, -3*a - 2*f + 2 = 0. Suppose -3*c - l + 52 = -2*l, -2*l + a = 0. Does 6 divide c?
True
Let w = 13 + 67. Let f = -41 + w. Is 8 a factor of f?
False
Suppose 3*n - 3*g + 30 = -0*g, 0 = -5*n - 5*g - 50. Does 9 divide ((-14)/(-6))/(n/(-90))?
False
Suppose 4*c = 3*o + 966, 3*c = 5*c - o - 482. Suppose c = -25*i + 27*i. Is i a multiple of 24?
True
Suppose 5*q - 35 - 10 = 0. Is 13 a factor of -3 - (-29)/q - (-1236)/27?
False
Suppose -5*l = -l - 8. Suppose -l*w = -4*w + 20. Suppose -2*o + 4*o = -w, 2*c - 105 = 5*o. Is 10 a factor of c?
True
Let k be 6/(-21) - (-2400)/21. Let w = k + 29. Does 13 divide w?
True
Suppose 0 = 36*x - 31*x - 2*l - 9192, 5*x + 4*l = 9186. Does 27 divide x?
False
Suppose 2*y = -3*w + 120, 0*y + 4*w + 277 = 5*y. Let l = 123 - y. Is l a multiple of 33?
True
Suppose 5*y - 3*u - 16 = 0, y = -u - 2 + 10. Suppose 6 - 135 = -5*i - 3*p, -5*i + 135 = y*p. Is i a multiple of 24?
True
Let f = -181 + 100. Let m = -50 - f. Does 7 divide m?
False
Let g = 37 - -5. Suppose y - 7*y = -g. Is y even?
False
Suppose 2*d - 26 = -4*i + 30, 2*i = d - 48. Suppose 0 = -5*a - 4*p - 43, -4*a = p + 4*p + d. Is 2 a factor of (1 - 1) + (a - -14)?
False
Suppose 5*q + 382 = l, -5*l - 2*q + 4*q + 1979 = 0. Is l a multiple of 30?
False
Let b = -533 - -911. Does 14 divide b?
True
Suppose 15*t - 11*t = 68. Suppose t*z - 225 = 12*z. Is 11 a factor of z?
False
Suppose k - 9 = -2*k, -5*k = -5*f + 240. Does 17 divide f?
True
Let w(f) = 5*f**2 - 50*f - 390. Does 61 divide w(-6)?
False
Let n(t) = -t**2 + 41*t - 123. Let f be n(3). Let y = 51 - 75. Is (-656)/y*f/(-6) a multiple of 17?
False
Let q(v) = v**3 - 30*v**2 + 47*v + 48. Does 50 divide q(29)?
False
Suppose 2*q = 5*r + 17, 8*q + 1 = -2*r + 3*q. Let j be 155 - (-4)/(-12)*r. Suppose -4*i = -i - j. Is i a multiple of 13?
True
Suppose 7*u - 1032 = -549. Does 8 divide u?
False
Let t be -2*(4/1)/(-2). Let n(i) = -i**3 - 21*i**2 + 17*i - 84. Let g be n(-22). Let v = g + t. Is 15 a factor of v?
True
Is 22 a factor of (-4 - (-68)/6)*231?
True
Let o(x) = -3*x**2 - 148*x + 29. Does 19 divide o(-23)?
False
Let b = 9 - 30. Let q be 2/20*8*(-15)/6. Is 9/q*112/b a multiple of 12?
True
Let f be (12 - 4) + (-4 - 1). Suppose 4*u - f*u = 110. Is 18 a factor of u?
False
Let p(v) = -v**2 + 11*v - 13. Let t be p(9). Suppose -t*b - r - 20 + 55 = 0, 3*r - 15 = 0. Does 11 divide ((-2)/b)/(2/(-102))?
False
Let c(o) = -o**3 + 5*o**2 + 4*o. Let u be c(-4). Suppose -y - 5 = -11. Is (-18)/(-12)*u/y a multiple of 8?
True
Let c be ((0/(-2))/3)/(-1). Suppose c = 3*p + 3*b - 21, 8*b = 2*p + 3*b. Does 9 divide (36/(-10))/((-2)/p)?
True
Let u be 1629/18 - 3/(-2). Let w be (1 - 2)/2*-8. Suppose -4*t - t + 101 = w*v, 4*v = 4*t + u. Does 24 divide v?
True
Let u(v) = v**3 + 15*v**2 + 21*v - 3. Is 4 a factor of u(-4)?
False
Let q be (-2)/(-4) + (-3)/(-2). Suppose 0*v - q*v = -6. Suppose -250 = -v*y - 2*y. Is y a multiple of 24?
False
Suppose 3*i - 9 = -3. Suppose -p + 55 = i*p - y, 4*p - y = 72. Suppose -3*n + 4*d = -n - 22, 4*d + p = n. Is n even?
False
Let r be (-7)/(1/((-1)/1)). Let l(c) = -c**2 + 8*c - 2. Let n be l(r). Suppose 0 = -n*g - 5, -3*w + 20 = 3*g - 262. Does 26 divide w?
False
Suppose 58 = 3*d - 11. Suppose d*q - 19*q = 128. Is q a multiple of 16?
True
Suppose -3*i + 1799 = f, 5*i - 6*i + 609 = -2*f. Let s = -291 + i. Is 18 a factor of s?
False
Let n be -4*((-10)/4 - -2). Suppose n*k + 0*k = 152. Does 5 divide k?
False
Suppose 0 = -2*p - 4*o + 20, 5*o = -3*p + 4*p + 25. Suppose -3*m + m + 4 = p. Is 8 - ((-2)/m - -1) a multiple of 6?
False
Let l be 71/(-2)*2/(-1). Let p = l + -46. Is p a multiple of 25?
True
Let u = -1107 + 1491. Is u a multiple of 12?
True
Let t(v) = v + 62. Let f be t(0). Suppose -29 = -3*l - 5*p + f, -8 = -4*p. Is l a multiple of 10?
False
Suppose 0 = 3*j - 13 + 13. Suppose 2*u - 4*b - 356 = 0, -b + 1 + 0 = j. Is 17 a factor of u?
False
Let g(b) = 21*b - 7. Let i be g(2). Suppose w = 1 + i. Is w a multiple of 12?
True
Is (-2426)/(-4) + (19 - (-234)/(-12)) a multiple of 3?
True
Let r(n) = 7 - 2*n**2 + n**2 - 4*n - 3. Let b be r(-4). Suppose 0 = -b*u - 4 + 52. Is 5 a factor of u?
False
Let b(x) be the third derivative of 7*x**5/60 - x**4/12 - 2*x**3 - 30*x**2. Is 36 a factor of b(-4)?
True
Let b(v) be the third derivative of v**6/40 + v**5/20 + v**4/24 - v**3/2 - 13*v**2. Does 8 divide b(2)?
False
Let j = 1664 + -1655. Is j a multiple of 3?
True
Let x = -662 + 752. Is x a multiple of 13?
False
Let t(y) = 13 + 2*y**2 + 8 + 9*y - 21. Is 6 a factor of t(-6)?
True
Suppose 4611 = 74*c - 21*c. Is c a multiple of 6?
False
Let l = -393 - -1686. Does 20 divide l?
False
Suppose 3*k - 1 = 5. Let y be (-6 + 8)*(-109)/k. Let g = -55 - y. Does 18 divide g?
True
Su